e r(-7). Let u = j - -27. What is the greatest common divisor of i and u?
7
Let o be (22/4*-6)/(6/(-4)). What is the highest common factor of 22 and o?
22
Let w = -22 + 45. Suppose -b - 2*s = -w, 3 = 3*s + 9. Let j = 1317 - 1308. Calculate the highest common divisor of b and j.
9
Suppose 2*d - a - 42 = 0, -2*d - 3*a + 38 = -6*a. What is the greatest common divisor of d and 8?
2
Let j be (2 - (-55)/2) + 10/20. What is the highest common factor of j and 120?
30
Suppose 5*c + 86 = -4*r + 7*r, -5*c - r - 98 = 0. Let s = 118 + c. Suppose 0 = -3*j + 6*j - 27. Calculate the greatest common divisor of j and s.
9
Let z(t) be the first derivative of t**3/3 - 6*t**2 + 14*t - 3. Let s be z(11). Suppose -s*a + 85 = -23. What is the highest common divisor of a and 4?
4
Let l = 312 - 308. What is the greatest common divisor of 176 and l?
4
Suppose 15246 = -19*y + 28*y. Calculate the highest common divisor of 14 and y.
14
Suppose 2*o - 37 = -3*j, -5*o + 10*j + 80 = 5*j. Let b = 21 + o. Calculate the greatest common factor of b and 57.
19
Let t = 148 + -144. Suppose -4 = -4*j + t*v, -9 - 4 = -4*j + v. What is the greatest common factor of j and 28?
4
Suppose -52*c + 1116 = -132. What is the highest common divisor of 252 and c?
12
Suppose 6 + 33 = c - 2*d, 0 = c + 3*d - 14. Let u = c + -18. Let y = u - 6. Calculate the highest common divisor of y and 40.
5
Let f(k) = 535*k**2 + 8 - 527*k**2 + 1 - 8*k. Let w be f(1). Calculate the highest common factor of 45 and w.
9
Suppose 5*t = 9*t - 392. Let j be 11 - (-2 + 4 + 0). Let x be (-6)/(-54) + 125/j. What is the greatest common divisor of x and t?
14
Let r = 959 - -143. Calculate the highest common divisor of 38 and r.
38
Let m = 441 - 306. Suppose 4*v + m = 9*v. What is the highest common divisor of 18 and v?
9
Let o = 106 + -104. Calculate the highest common factor of 4 and o.
2
Let w(c) be the third derivative of 5*c**4/24 + 7*c**3/6 + 2*c**2. Let d be w(3). What is the highest common factor of 44 and d?
22
Suppose 3*p = -3*z + 58 + 2, 0 = 5*z. Calculate the greatest common factor of 230 and p.
10
Let f(l) = -9*l - 2. Let d be f(-2). Let w be (d/4 - 5) + -22. Let n = 43 + w. What is the highest common divisor of 30 and n?
10
Let z = 24 + -20. Suppose -h + z = -15. Let x = 361 + -209. What is the highest common factor of x and h?
19
Let w(r) = r + 3. Let f be w(-6). Suppose 4*x - 10 = 9*x. Let u be (-45 + -1)/x - f. Calculate the greatest common divisor of u and 208.
26
Suppose 1830 = 534*p - 531*p. What is the highest common divisor of 50 and p?
10
Let n(o) = 3*o**2 + o**3 - 11*o**2 - 5*o**2 + 13 - 4*o**2 + 7*o. Let i be n(16). Let u = i - -229. Calculate the highest common factor of 14 and u.
14
Suppose 4*a - 67 = 3*a - 3*m, 4*a + 5*m = 261. Suppose x = -3*x - a. Let n be (x/3 + 2)*-3. What is the highest common factor of 90 and n?
10
Suppose -6*q + 12*q = 378. Suppose 0 = -4*w + 16, -2*w = -3*a + w - 24. Let b = a - -13. What is the greatest common factor of q and b?
9
Let p(f) = -8*f**3 + 4*f**2 + 11*f + 23. Let q be p(-5). What is the greatest common factor of 12 and q?
12
Let s = 9 + -3. Suppose -3*k + s = -90. Calculate the greatest common factor of k and 16.
16
Let d(i) = -i**2 - 9*i - 18. Let m be d(-5). Let y be -36*(8/(-4))/m. Calculate the greatest common factor of y and 90.
18
Let u = 20 + 23. Suppose 2*o + 3*m - u = 0, 0 = 2*m - 10. What is the highest common factor of 42 and o?
14
Suppose -3*i + 5*p + 250 + 691 = 0, -4*p - 302 = -i. Calculate the greatest common divisor of 69 and i.
23
Let b be (-15 + 5 - 0)*6/(-4). What is the greatest common factor of b and 165?
15
Let k = -18 + 25. Suppose b = k*b - 36. Calculate the highest common factor of 4 and b.
2
Suppose -3*u - 6 = -6*u. Let b = u + 5. Calculate the highest common factor of 35 and b.
7
Let q(p) = -13*p - 36. Let o be q(-4). Suppose 0 = 4*c - o - 16. Calculate the greatest common divisor of 1 and c.
1
Suppose t = 5*t + 4*n + 8, 46 = -5*t + 4*n. Let i be (-1 - 20)/(1*9/t). What is the highest common factor of i and 28?
14
Let k = 8 - 6. Suppose -7*x - 13 = -27. Let p(v) = 6*v**2 - 4*v + 4. Let r be p(x). Calculate the greatest common divisor of r and k.
2
Let s(w) = -w**2 + 5*w. Let d be s(4). Let l(n) = -n - 5 + d*n - 5*n + 17. Let v be l(-6). What is the greatest common factor of 24 and v?
24
Let v(g) = g - 6. Let m be v(21). Calculate the greatest common divisor of 165 and m.
15
Let y(u) = 2*u**3 - 3*u**2 - u - 1. Let w be y(-2). Let z be 4/(-18) - (-173)/w*-3. What is the greatest common factor of 95 and z?
19
Let k(b) = -b**2 + 5*b + 31. Let j be k(8). Calculate the greatest common factor of j and 56.
7
Let h be 11 + -3 + 4/(-4). Suppose 21 = -h*n + 77. What is the highest common factor of 2 and n?
2
Let t(x) = -15*x**2 - 2*x - 1. Let d be (3 + -2)*(1 - 2). Let y be t(d). Let j = 22 - y. What is the highest common factor of j and 6?
6
Let s(g) = 6*g - 3. Let j be s(1). Let r = -39 - -45. What is the highest common divisor of j and r?
3
Let d(f) = 2 + 2 - 51*f - 5 + 0. Let x be d(-1). Let m be -4 + 686/28 + 1/(-2). What is the highest common divisor of x and m?
10
Let b = 515 - 510. What is the greatest common factor of b and 515?
5
Let y be (-2 + -1)/((-7)/(-140)). Let m = y - -85. What is the highest common factor of m and 150?
25
Let q(o) = -10*o - 26. Let t be q(-14). Suppose -k + 12 = -t. Calculate the greatest common factor of 14 and k.
14
Suppose 0 = 8*z - 4*z - 4*d - 3140, -2385 = -3*z - 3*d. What is the highest common divisor of 20 and z?
10
Let b(j) = -j + 1. Suppose -4*n - 2*n = -186. Suppose 4*d - 4 = 0, 3*d + n = -5*o - d. Let x be b(o). What is the greatest common factor of 32 and x?
8
Suppose 3*p - 192 = 4*a, 5*p = -3*a - 2*a + 355. Calculate the greatest common divisor of 68 and p.
68
Suppose -3*c + 1063 = h, -5*h + c = -3*c - 5410. Calculate the highest common divisor of h and 98.
98
Suppose 2*q - 384 = 4*o, 3*q - 548 = o - 2*o. What is the greatest common divisor of q and 8?
8
Let h = 64 - 24. Let m = -2061 + 2121. What is the greatest common divisor of m and h?
20
Let b(c) = -c**3 - 6*c**2 - 4*c + 7. Let m be b(-5). Suppose -4*h - l + 2*l + 3 = 0, -3*l = 4*h - 23. Calculate the highest common factor of m and h.
2
Suppose 5*k - 184 = -3*a + 357, -4*a - 12 = 0. Suppose 0*s - s + 22 = 0. What is the highest common divisor of s and k?
22
Let l(i) = -24*i + 3. Let o be l(-3). Let k = -5220 - -5250. What is the highest common factor of o and k?
15
Let w(s) = s + 2. Let g be w(0). Suppose -2*f + 12 = -3*l, 3*f = -g*f + 3*l + 12. Let p be ((f + -17)/(-1))/1. Calculate the highest common divisor of p and 51.
17
Let c be (-674)/(-4) + ((-42)/12)/(-7). Suppose 2*m + 5*r = c + 110, -5*m + 3*r + 651 = 0. Calculate the greatest common factor of 11 and m.
11
Let a = 53 - 19. Let n be 4/(-6)*(-459)/6. What is the highest common factor of a and n?
17
Suppose -d = 4*u - 9, -4*d + 3 = 4*u + u. Suppose -4*w + 952 = u*w. Calculate the greatest common factor of w and 34.
34
Let z(v) = v**3 + 6*v**2 - v - 2. Let j be z(-6). Let h(f) = -10*f - 9. Let w be h(j). Let u = 93 + w. What is the highest common factor of 11 and u?
11
Let a = 146 + -118. What is the greatest common divisor of 16 and a?
4
Suppose 1231 = 5*v - 3*n, 4*v + 179 = 4*n + 1167. What is the greatest common factor of v and 49?
49
Let b = -427 - -475. Calculate the greatest common divisor of b and 128.
16
Let d = 83 + -80. What is the greatest common factor of 87 and d?
3
Let m = 10 - 11. Let g be -13*(2 - m - 5). Suppose 2*f + g - 28 = 0. Calculate the greatest common factor of 11 and f.
1
Let b = 26 + -21. Suppose -b*q = -56 + 6. What is the highest common divisor of q and 5?
5
Suppose -2*s + 85 = -s. Suppose 77 - 6 = 2*r - u, r - 43 = 3*u. Calculate the highest common divisor of r and s.
17
Suppose 51*f - 41 = 1183. Calculate the greatest common factor of f and 36.
12
Let h be 5 - 6/((-30)/(-25)). Suppose 5*y - 121 + 86 = h. Calculate the highest common divisor of y and 21.
7
Let m be (-9)/(-21) + (-106)/(-14). Let g(q) = q + 29. Let p be g(-13). Calculate the highest common factor of m and p.
8
Suppose 2*c = -3*f + 17, -4*f + 0*f = 4*c - 28. What is the highest common factor of 86 and c?
2
Suppose -4*s - 2*t + 20 = 0, 3*t = -4*s - t + 28. Suppose 14 = s*y + 5*o, 0*y - y